6 = 3*t, 0 = -4*t + 3*v - 5*v + 3948. What is the tens digit of t?
8
Suppose 0 = 4*z - z - 525. Suppose 4*h - z = 3*h. Suppose h = -6*s + 11*s. What is the tens digit of s?
3
Let s(h) = 3*h**2 + 0*h**2 - 8*h + 10*h - 1 + 4*h**2. Let z be (-8)/(-5) - 10/(-25). What is the tens digit of s(z)?
3
Suppose -18187 = -27*p + 36272. What is the tens digit of p?
1
Let t(c) = -c**2 + 5*c + 55. Let k be t(-5). Suppose 2*w + 0*w - 78 = 0. Let o = k + w. What is the tens digit of o?
4
Let f = 269 - -583. What is the hundreds digit of f?
8
Suppose 1638 = 2*l + 7*l. What is the tens digit of l?
8
Let g = -7 + 15. Suppose 5*a - g*a + 15 = 0. Suppose -3*j = -z - 34, -j - a*z - 10 = -0*z. What is the units digit of j?
0
Let t(r) = -r**3 + r**2 + 2. Let u be (7 + -7)*1/(-2). Let w be t(u). Suppose 152 = 4*o + 4*b, w*o - 4*b - 91 = 3. What is the tens digit of o?
4
Let r = 57 + 34. Let z = -28 + r. What is the units digit of z?
3
Suppose -3*v + 8*v + 35 = 0. Let s = v - 8. Let m(j) = j**2 + 10*j - 18. What is the tens digit of m(s)?
5
Let x(p) = 197*p + 2. Let r be x(2). Let s be r/14 + (-2)/7. Suppose -44 = -6*u + s. What is the tens digit of u?
1
Let u(v) = v**2 + 51. Let i be u(0). Suppose -6 = -2*t, 15 = -2*b + t - 4*t. Let a = i + b. What is the units digit of a?
9
Let y(o) = 2*o**3 - 7*o**2 - o - 4. Let a be y(5). Suppose -k + 2*w + 2 + 14 = 0, -3*k - 3*w = -a. What is the units digit of k?
0
Let k(b) = b**3 + 11*b**2 - 13. Suppose 14*j - 6*j = -72. What is the units digit of k(j)?
9
Let j(h) = 13*h**2 - 7*h + 119. What is the tens digit of j(11)?
1
Let v = 15 - 18. Let k be 1 + v*2/6. What is the units digit of k + 4 + 19 + -21?
2
Let w = -4514 - -11220. What is the units digit of w?
6
Let l(n) be the third derivative of -n**4/24 - n**3 - 2*n**2. Let x be l(-5). What is the units digit of (0 - 3)/(-2 - x)?
3
Let a be (3 - 1) + -21 + 0. Let g(l) = 3*l**2 + 47*l + 8. What is the tens digit of g(a)?
9
Suppose -3*z + 608 = 2*u, 1012 = 5*z - u + 5*u. What is the tens digit of z?
0
Suppose 3*x = -5*r + 541, 4*r + 5*x = 5*r - 125. Let p = 230 - r. What is the tens digit of p?
2
Suppose 71*r = 74*r - 576. What is the tens digit of r?
9
Suppose 9*t + 6*t = 6*t. Suppose t = -5*h + 401 - 11. What is the units digit of h?
8
Suppose -3*i + 25 + 8 = 0. Let r = i + -8. What is the tens digit of -3 + 51/3*r?
4
Suppose 0 = -4*b + 15 - 23. Let g = b - 3. What is the tens digit of (1 - (2 + g)) + 30?
3
Suppose 0*b + 2*b + 2*w - 3242 = 0, -5*b + 8097 = -3*w. What is the tens digit of b?
2
Suppose -5*c - 6 = -21. Let k(r) = 0*r**2 + 3 - c*r**2 + 3*r**2 - 8*r - r**2. What is the units digit of k(-3)?
8
Let m be (12/(-4))/3*-1. Let t(w) = 13 - 4 + 11*w - m. What is the tens digit of t(6)?
7
Let x(g) = 51*g**2 - 12*g - 93. What is the tens digit of x(-6)?
1
Let p = 64 - -8. What is the units digit of p?
2
Suppose -5*o - 11 = -3*f + 8, 3*f - 4*o - 17 = 0. Suppose 0 = 2*m + f*b - 140, 2*m - 160 = -0*b + 2*b. What is the units digit of m?
6
Let s(m) = 5*m**2 - m**2 - 5*m**2 - 9 + 0*m**2 - 10*m. Let p be -3 + -4 + 1 + -2. What is the units digit of s(p)?
7
Let s(y) be the second derivative of -7*y**5/20 - y**4/6 + y**2/2 + 5*y. Let q be s(-1). Let c = 2 + q. What is the units digit of c?
8
Let y(o) = o**2 + 3*o + 3. Let h be y(-3). Suppose -v = u - 76 + 12, h*u - 199 = 4*v. What is the tens digit of u?
6
Suppose -47 + 2 = -2*c + 5*f, 0 = 3*c - 5*f - 55. Let g(s) = s**2 + 9*s - c*s - 5 - 4. What is the tens digit of g(-5)?
2
Suppose -3 = 3*o - 3*z - 0*z, 0 = -4*z - 8. Let g(p) = -39*p - 7. Let n be g(o). Suppose n = 36*x - 31*x. What is the units digit of x?
2
Let d be 3 - 512/52 - 2/13. What is the tens digit of 0 + 101 - (d + 11)?
9
Suppose 25*n - 21*n = -108. Let g = n + 55. What is the units digit of g?
8
Suppose 3*h = -2*h + 5. Let g be ((-15)/(-6))/(h/18). Suppose 2*k = v + k - g, 2*k + 40 = v. What is the tens digit of v?
5
Let g(f) = f**3 - 6*f**2 + 4*f - 22. Let t be g(6). Suppose -2*n - 10 = 0, 3*y + t*y - 275 = 3*n. What is the units digit of y?
2
Suppose 0 = 85*w - 245530 - 230725. What is the units digit of w?
3
Suppose -34 = r + 58. Let o be 2 + -2 - (65 + -2). Let t = o - r. What is the units digit of t?
9
Let y(g) = -g**3 - 35*g**2 - 131*g + 46. What is the tens digit of y(-31)?
6
Suppose -20*t + 9*t = -7810. What is the hundreds digit of t?
7
Suppose -5*u + 5 = -5*g - 0*u, -g - 2*u + 8 = 0. Let a(s) = 9*s**3 + s**2 + s + 2. Let l be a(g). Let d = l - 44. What is the tens digit of d?
3
Suppose -4*m - 2*d - 3*d + 4105 = 0, 0 = -m + 3*d + 1022. What is the tens digit of (-12)/(-21) + m/7?
4
Suppose -6*l - 27 = -5*z - 3*l, 2*z = -2*l + 14. What is the tens digit of 27615/126 - 1/z?
1
Let u be ((-2)/3)/(14/147). Let t = u - 15. What is the units digit of (-400)/t + (-10)/55?
8
Let c = -435 + 1999. What is the units digit of c?
4
Let f be -2 + 5 - (-1 - -3). Suppose x + f = -2. Let b(s) = -3*s - 4. What is the units digit of b(x)?
5
Let g be -1*(-362)/(-4)*-2. Suppose 4*o = g + 19. What is the tens digit of o?
5
Suppose 0*p = p + 9. Let m = p - -30. Let l = m - -2. What is the tens digit of l?
2
Suppose 0 = -5*m, -n + 4*m - 3 + 5 = 0. Suppose -n*p + 15 = p. Suppose 0*v + p*v = 285. What is the tens digit of v?
5
Let l be (10/(-15))/(-1*(-1)/(-9)). What is the units digit of l*(-5)/20*-2?
3
Suppose j = -4*j + t + 425, -3*t = 3*j - 255. Suppose -215 = -5*g + j. What is the units digit of g?
0
Suppose 0 = 5*q - 3*c + c - 2, -5*q + c = -6. Suppose -3*y + 1 + q = 0, 3*y = -3*j + 225. What is the units digit of j?
4
Let u(x) = 5*x**2 + 4*x - 1 + 0*x - x. Let g be u(2). Let w = g - 9. What is the tens digit of w?
1
Let t = 6 + -1. Suppose -5*w + 2 = -0*v + 4*v, -5*w = t*v. Suppose -3*q + 3*z + 117 = 0, 2*z + 42 = -q + w*q. What is the units digit of q?
6
What is the units digit of (6/(-2))/((-75)/26000)?
0
Let d = 441 + 699. What is the thousands digit of d?
1
Let j(x) = 10*x**2 - x - 4. Let z be j(-2). Suppose -4*u = -3*v + z + 131, -164 = -3*v + 5*u. What is the units digit of v?
3
Let t(w) = w**2 - 9*w - 17. Suppose 5*p - 7 + 47 = 0. Let q be (-10 - -1)/(6/p). What is the tens digit of t(q)?
1
Suppose -13*r + 3780 = -7*r. What is the tens digit of r?
3
Let u(f) = -14*f**2 - f + 6. Let v(c) = 1. Let y(n) = -u(n) + 4*v(n). What is the tens digit of y(1)?
1
Suppose -11*t = -12*t + 3*v + 321, 4*t = 4*v + 1300. What is the hundreds digit of t?
3
Let a = 1926 + -1794. What is the units digit of a?
2
Let l be -269 - 0 - (-104)/(-26). Let k = l - -396. What is the hundreds digit of k?
1
Let r(z) = 2*z**2 + 41*z - 16. Let g be r(-21). Suppose 0 = -9*q + g*q + 260. What is the tens digit of q?
6
Let c(r) = -r**2 + 4*r - 3. Let v be c(1). Suppose v = -17*n + 15*n + 20. What is the tens digit of n?
1
Let c(g) = 2*g**3 - 1. Let u be c(1). Suppose q + 4*f + 14 = -2*q, -f = 3*q - u. What is the units digit of 16 - -6 - q/(-2)?
3
Let i be (0 - 5/10)*-4. What is the tens digit of (-1*(56 + i))/(-1)?
5
Let l = -720 - -1798. What is the hundreds digit of l?
0
Suppose -30 = -5*g - 2*b, 2*g - 5*g = 2*b - 22. Suppose -g*c = -232 - 244. What is the tens digit of c?
1
Let i = 617 + -273. Suppose -t + 0*v - 4*v = -88, -5*t = -4*v - i. What is the units digit of t?
2
Let c(t) = 146*t + 28. What is the tens digit of c(3)?
6
Let q(y) = -y**3 + 3*y**2 + 4*y - 7. Let p be q(3). Suppose -2*d + p*c = 3*c - 46, 3*c - 6 = 0. What is the units digit of d?
5
What is the units digit of 1/(28/21160) + 6/21?
6
What is the units digit of (-2 + (-54)/(-45))/(4/(-3930))?
6
Let g be 1*-10*4/8. Let w(z) = -15*z - 11. What is the units digit of w(g)?
4
Let l be (-4 + 7)*1*-8. What is the tens digit of 5/(2 - (-44)/l)?
3
Let h be (-7 + -2)/(-3) - 2. Let g = h - -24. What is the units digit of g?
5
Let m(t) = 8*t**2 + t + 23. Let g(j) = 17*j**2 + j + 47. Let u(s) = -6*g(s) + 13*m(s). What is the units digit of u(-6)?
7
Let z = -61 + 66. Suppose -106 = -4*k + z*a + 278, -5*k + a = -459. What is the units digit of k?
1
Let j = 7 + -12. Let w(r) = -r**3 - 5*r**2 + 3*r + 6. Let k be w(j). Let v = 14 - k. What is the units digit of v?
3
Suppose -3*v + 1917 + 477 = -3*b, 3958 = 5*v + 3*b. What is the tens digit of v?
9
Let k be 1 + 1*(4 - 3). Suppose 3*o - 384 = -4*p, -k*p + 7*p + 4*o = 481. Let c = -65 + p. What is the tens 